{"id":2414,"date":"2024-11-12T09:27:53","date_gmt":"2024-11-12T08:27:53","guid":{"rendered":"https:\/\/wave-gr.eu\/?post_type=avancees&#038;p=2414"},"modified":"2025-04-10T08:59:41","modified_gmt":"2025-04-10T06:59:41","slug":"reisetagebuch-vogesen-ausgabe-2024","status":"publish","type":"avancees","link":"https:\/\/wave-gr.eu\/de\/avancees\/reisetagebuch-vogesen-ausgabe-2024\/","title":{"rendered":"Reisetagebuch \u2013 Vogesen Ausgabe 2024"},"content":{"rendered":"\n<h2 class=\"wp-block-heading\">Reisetagebuch \u2013 Vogesen Ausgabe 2024<\/h2>\n\n\n\n<figure class=\"wp-block-image size-large\"><img fetchpriority=\"high\" decoding=\"async\" width=\"1024\" height=\"698\" src=\"https:\/\/wave-gr.eu\/wp-content\/uploads\/2024\/11\/Capture-decran-2024-11-12-095558-1024x698.png\" alt=\"\" class=\"wp-image-2133\" srcset=\"https:\/\/wave-gr.eu\/wp-content\/uploads\/2024\/11\/Capture-decran-2024-11-12-095558-1024x698.png 1024w, https:\/\/wave-gr.eu\/wp-content\/uploads\/2024\/11\/Capture-decran-2024-11-12-095558-300x204.png 300w, https:\/\/wave-gr.eu\/wp-content\/uploads\/2024\/11\/Capture-decran-2024-11-12-095558-768x523.png 768w, https:\/\/wave-gr.eu\/wp-content\/uploads\/2024\/11\/Capture-decran-2024-11-12-095558.png 1366w\" sizes=\"(max-width: 1024px) 100vw, 1024px\" \/><\/figure>\n\n\n\n<p>Entdecken Sie in diesem Reisetagebuch alle erkl\u00e4renden Informationen zu den bedeutenden Geb\u00e4uden, die von den Teilnehmenden w\u00e4hrend der Studienreise im September 2024 besichtigt wurden.<\/p>\n\n\n\n<p><\/p>\n","protected":false},"featured_media":2135,"template":"","module":[19],"class_list":["post-2414","avancees","type-avancees","status-publish","has-post-thumbnail","hentry","module-module-4"],"acf":[],"yoast_head":"<!-- This site is optimized with the Yoast SEO plugin v27.3 - https:\/\/yoast.com\/product\/yoast-seo-wordpress\/ -->\n<title>Reisetagebuch \u2013 Vogesen Ausgabe 2024 - Projet INTERREG GR W.A.V.E.<\/title>\n<meta name=\"robots\" content=\"index, follow, max-snippet:-1, max-image-preview:large, max-video-preview:-1\" \/>\n<link rel=\"canonical\" href=\"https:\/\/wave-gr.eu\/de\/avancees\/reisetagebuch-vogesen-ausgabe-2024\/\" \/>\n<meta property=\"og:locale\" content=\"de_DE\" \/>\n<meta property=\"og:type\" content=\"article\" \/>\n<meta property=\"og:title\" content=\"Reisetagebuch \u2013 Vogesen Ausgabe 2024 - Projet INTERREG GR W.A.V.E.\" \/>\n<meta property=\"og:description\" content=\"Reisetagebuch \u2013 Vogesen Ausgabe 2024 Entdecken Sie in diesem Reisetagebuch alle erkl\u00e4renden Informationen zu den bedeutenden Geb\u00e4uden, die von den Teilnehmenden w\u00e4hrend der Studienreise im September 2024 besichtigt wurden.\" \/>\n<meta property=\"og:url\" content=\"https:\/\/wave-gr.eu\/de\/avancees\/reisetagebuch-vogesen-ausgabe-2024\/\" \/>\n<meta property=\"og:site_name\" content=\"Projet INTERREG GR W.A.V.E.\" \/>\n<meta property=\"article:modified_time\" content=\"2025-04-10T06:59:41+00:00\" \/>\n<meta property=\"og:image\" content=\"https:\/\/wave-gr.eu\/wp-content\/uploads\/2024\/11\/Capture-decran-2024-11-12-095558.png\" \/>\n\t<meta property=\"og:image:width\" content=\"1366\" \/>\n\t<meta property=\"og:image:height\" content=\"931\" \/>\n\t<meta property=\"og:image:type\" content=\"image\/png\" \/>\n<meta name=\"twitter:card\" content=\"summary_large_image\" \/>\n<meta name=\"twitter:label1\" content=\"Gesch\u00e4tzte Lesezeit\" \/>\n\t<meta name=\"twitter:data1\" content=\"1\u00a0Minute\" \/>\n<script type=\"application\/ld+json\" class=\"yoast-schema-graph\">{\"@context\":\"https:\\\/\\\/schema.org\",\"@graph\":[{\"@type\":\"WebPage\",\"@id\":\"https:\\\/\\\/wave-gr.eu\\\/de\\\/avancees\\\/reisetagebuch-vogesen-ausgabe-2024\\\/\",\"url\":\"https:\\\/\\\/wave-gr.eu\\\/de\\\/avancees\\\/reisetagebuch-vogesen-ausgabe-2024\\\/\",\"name\":\"Reisetagebuch \u2013 Vogesen Ausgabe 2024 - Projet INTERREG GR W.A.V.E.\",\"isPartOf\":{\"@id\":\"https:\\\/\\\/wave-gr.eu\\\/de\\\/#website\"},\"primaryImageOfPage\":{\"@id\":\"https:\\\/\\\/wave-gr.eu\\\/de\\\/avancees\\\/reisetagebuch-vogesen-ausgabe-2024\\\/#primaryimage\"},\"image\":{\"@id\":\"https:\\\/\\\/wave-gr.eu\\\/de\\\/avancees\\\/reisetagebuch-vogesen-ausgabe-2024\\\/#primaryimage\"},\"thumbnailUrl\":\"https:\\\/\\\/wave-gr.eu\\\/wp-content\\\/uploads\\\/2024\\\/11\\\/Capture-decran-2024-11-12-095558.png\",\"datePublished\":\"2024-11-12T08:27:53+00:00\",\"dateModified\":\"2025-04-10T06:59:41+00:00\",\"breadcrumb\":{\"@id\":\"https:\\\/\\\/wave-gr.eu\\\/de\\\/avancees\\\/reisetagebuch-vogesen-ausgabe-2024\\\/#breadcrumb\"},\"inLanguage\":\"de\",\"potentialAction\":[{\"@type\":\"ReadAction\",\"target\":[\"https:\\\/\\\/wave-gr.eu\\\/de\\\/avancees\\\/reisetagebuch-vogesen-ausgabe-2024\\\/\"]}]},{\"@type\":\"ImageObject\",\"inLanguage\":\"de\",\"@id\":\"https:\\\/\\\/wave-gr.eu\\\/de\\\/avancees\\\/reisetagebuch-vogesen-ausgabe-2024\\\/#primaryimage\",\"url\":\"https:\\\/\\\/wave-gr.eu\\\/wp-content\\\/uploads\\\/2024\\\/11\\\/Capture-decran-2024-11-12-095558.png\",\"contentUrl\":\"https:\\\/\\\/wave-gr.eu\\\/wp-content\\\/uploads\\\/2024\\\/11\\\/Capture-decran-2024-11-12-095558.png\",\"width\":1366,\"height\":931},{\"@type\":\"BreadcrumbList\",\"@id\":\"https:\\\/\\\/wave-gr.eu\\\/de\\\/avancees\\\/reisetagebuch-vogesen-ausgabe-2024\\\/#breadcrumb\",\"itemListElement\":[{\"@type\":\"ListItem\",\"position\":1,\"name\":\"Home\",\"item\":\"https:\\\/\\\/wave-gr.eu\\\/de\\\/\"},{\"@type\":\"ListItem\",\"position\":2,\"name\":\"Reisetagebuch \u2013 Vogesen Ausgabe 2024\"}]},{\"@type\":\"WebSite\",\"@id\":\"https:\\\/\\\/wave-gr.eu\\\/de\\\/#website\",\"url\":\"https:\\\/\\\/wave-gr.eu\\\/de\\\/\",\"name\":\"Projet INTERREG GR W.A.V.E.\",\"description\":\"\",\"publisher\":{\"@id\":\"https:\\\/\\\/wave-gr.eu\\\/de\\\/#organization\"},\"potentialAction\":[{\"@type\":\"SearchAction\",\"target\":{\"@type\":\"EntryPoint\",\"urlTemplate\":\"https:\\\/\\\/wave-gr.eu\\\/de\\\/?s={search_term_string}\"},\"query-input\":{\"@type\":\"PropertyValueSpecification\",\"valueRequired\":true,\"valueName\":\"search_term_string\"}}],\"inLanguage\":\"de\"},{\"@type\":\"Organization\",\"@id\":\"https:\\\/\\\/wave-gr.eu\\\/de\\\/#organization\",\"name\":\"Projet INTERREG GR W.A.V.E.\",\"url\":\"https:\\\/\\\/wave-gr.eu\\\/de\\\/\",\"logo\":{\"@type\":\"ImageObject\",\"inLanguage\":\"de\",\"@id\":\"https:\\\/\\\/wave-gr.eu\\\/de\\\/#\\\/schema\\\/logo\\\/image\\\/\",\"url\":\"https:\\\/\\\/wave-gr.eu\\\/wp-content\\\/uploads\\\/2024\\\/10\\\/cropped-Groupe-3964.png\",\"contentUrl\":\"https:\\\/\\\/wave-gr.eu\\\/wp-content\\\/uploads\\\/2024\\\/10\\\/cropped-Groupe-3964.png\",\"width\":512,\"height\":512,\"caption\":\"Projet INTERREG GR W.A.V.E.\"},\"image\":{\"@id\":\"https:\\\/\\\/wave-gr.eu\\\/de\\\/#\\\/schema\\\/logo\\\/image\\\/\"}}]}<\/script>\n<!-- \/ Yoast SEO plugin. -->","yoast_head_json":{"title":"Reisetagebuch \u2013 Vogesen Ausgabe 2024 - Projet INTERREG GR W.A.V.E.","robots":{"index":"index","follow":"follow","max-snippet":"max-snippet:-1","max-image-preview":"max-image-preview:large","max-video-preview":"max-video-preview:-1"},"canonical":"https:\/\/wave-gr.eu\/de\/avancees\/reisetagebuch-vogesen-ausgabe-2024\/","og_locale":"de_DE","og_type":"article","og_title":"Reisetagebuch \u2013 Vogesen Ausgabe 2024 - Projet INTERREG GR W.A.V.E.","og_description":"Reisetagebuch \u2013 Vogesen Ausgabe 2024 Entdecken Sie in diesem Reisetagebuch alle erkl\u00e4renden Informationen zu den bedeutenden Geb\u00e4uden, die von den Teilnehmenden w\u00e4hrend der Studienreise im September 2024 besichtigt wurden.","og_url":"https:\/\/wave-gr.eu\/de\/avancees\/reisetagebuch-vogesen-ausgabe-2024\/","og_site_name":"Projet INTERREG GR W.A.V.E.","article_modified_time":"2025-04-10T06:59:41+00:00","og_image":[{"width":1366,"height":931,"url":"https:\/\/wave-gr.eu\/wp-content\/uploads\/2024\/11\/Capture-decran-2024-11-12-095558.png","type":"image\/png"}],"twitter_card":"summary_large_image","twitter_misc":{"Gesch\u00e4tzte Lesezeit":"1\u00a0Minute"},"schema":{"@context":"https:\/\/schema.org","@graph":[{"@type":"WebPage","@id":"https:\/\/wave-gr.eu\/de\/avancees\/reisetagebuch-vogesen-ausgabe-2024\/","url":"https:\/\/wave-gr.eu\/de\/avancees\/reisetagebuch-vogesen-ausgabe-2024\/","name":"Reisetagebuch \u2013 Vogesen Ausgabe 2024 - Projet INTERREG GR W.A.V.E.","isPartOf":{"@id":"https:\/\/wave-gr.eu\/de\/#website"},"primaryImageOfPage":{"@id":"https:\/\/wave-gr.eu\/de\/avancees\/reisetagebuch-vogesen-ausgabe-2024\/#primaryimage"},"image":{"@id":"https:\/\/wave-gr.eu\/de\/avancees\/reisetagebuch-vogesen-ausgabe-2024\/#primaryimage"},"thumbnailUrl":"https:\/\/wave-gr.eu\/wp-content\/uploads\/2024\/11\/Capture-decran-2024-11-12-095558.png","datePublished":"2024-11-12T08:27:53+00:00","dateModified":"2025-04-10T06:59:41+00:00","breadcrumb":{"@id":"https:\/\/wave-gr.eu\/de\/avancees\/reisetagebuch-vogesen-ausgabe-2024\/#breadcrumb"},"inLanguage":"de","potentialAction":[{"@type":"ReadAction","target":["https:\/\/wave-gr.eu\/de\/avancees\/reisetagebuch-vogesen-ausgabe-2024\/"]}]},{"@type":"ImageObject","inLanguage":"de","@id":"https:\/\/wave-gr.eu\/de\/avancees\/reisetagebuch-vogesen-ausgabe-2024\/#primaryimage","url":"https:\/\/wave-gr.eu\/wp-content\/uploads\/2024\/11\/Capture-decran-2024-11-12-095558.png","contentUrl":"https:\/\/wave-gr.eu\/wp-content\/uploads\/2024\/11\/Capture-decran-2024-11-12-095558.png","width":1366,"height":931},{"@type":"BreadcrumbList","@id":"https:\/\/wave-gr.eu\/de\/avancees\/reisetagebuch-vogesen-ausgabe-2024\/#breadcrumb","itemListElement":[{"@type":"ListItem","position":1,"name":"Home","item":"https:\/\/wave-gr.eu\/de\/"},{"@type":"ListItem","position":2,"name":"Reisetagebuch \u2013 Vogesen Ausgabe 2024"}]},{"@type":"WebSite","@id":"https:\/\/wave-gr.eu\/de\/#website","url":"https:\/\/wave-gr.eu\/de\/","name":"Projet INTERREG GR W.A.V.E.","description":"","publisher":{"@id":"https:\/\/wave-gr.eu\/de\/#organization"},"potentialAction":[{"@type":"SearchAction","target":{"@type":"EntryPoint","urlTemplate":"https:\/\/wave-gr.eu\/de\/?s={search_term_string}"},"query-input":{"@type":"PropertyValueSpecification","valueRequired":true,"valueName":"search_term_string"}}],"inLanguage":"de"},{"@type":"Organization","@id":"https:\/\/wave-gr.eu\/de\/#organization","name":"Projet INTERREG GR W.A.V.E.","url":"https:\/\/wave-gr.eu\/de\/","logo":{"@type":"ImageObject","inLanguage":"de","@id":"https:\/\/wave-gr.eu\/de\/#\/schema\/logo\/image\/","url":"https:\/\/wave-gr.eu\/wp-content\/uploads\/2024\/10\/cropped-Groupe-3964.png","contentUrl":"https:\/\/wave-gr.eu\/wp-content\/uploads\/2024\/10\/cropped-Groupe-3964.png","width":512,"height":512,"caption":"Projet INTERREG GR W.A.V.E."},"image":{"@id":"https:\/\/wave-gr.eu\/de\/#\/schema\/logo\/image\/"}}]}},"_links":{"self":[{"href":"https:\/\/wave-gr.eu\/de\/wp-json\/wp\/v2\/avancees\/2414","targetHints":{"allow":["GET"]}}],"collection":[{"href":"https:\/\/wave-gr.eu\/de\/wp-json\/wp\/v2\/avancees"}],"about":[{"href":"https:\/\/wave-gr.eu\/de\/wp-json\/wp\/v2\/types\/avancees"}],"wp:featuredmedia":[{"embeddable":true,"href":"https:\/\/wave-gr.eu\/de\/wp-json\/wp\/v2\/media\/2135"}],"wp:attachment":[{"href":"https:\/\/wave-gr.eu\/de\/wp-json\/wp\/v2\/media?parent=2414"}],"wp:term":[{"taxonomy":"module","embeddable":true,"href":"https:\/\/wave-gr.eu\/de\/wp-json\/wp\/v2\/module?post=2414"}],"curies":[{"name":"wp","href":"https:\/\/api.w.org\/{rel}","templated":true}]}}

<h2 class="wp-block-heading">Reisetagebuch – Vogesen Ausgabe 2024</h2>



<figure class="wp-block-image size-large"><img fetchpriority="high" decoding="async" width="1024" height="698" src="https://wave-gr.eu/wp-content/uploads/2024/11/Capture-decran-2024-11-12-095558-1024x698.png" alt="" class="wp-image-2133" srcset="https://wave-gr.eu/wp-content/uploads/2024/11/Capture-decran-2024-11-12-095558-1024x698.png 1024w, https://wave-gr.eu/wp-content/uploads/2024/11/Capture-decran-2024-11-12-095558-300x204.png 300w, https://wave-gr.eu/wp-content/uploads/2024/11/Capture-decran-2024-11-12-095558-768x523.png 768w, https://wave-gr.eu/wp-content/uploads/2024/11/Capture-decran-2024-11-12-095558.png 1366w" sizes="(max-width: 1024px) 100vw, 1024px" /></figure>



<p>Entdecken Sie in diesem Reisetagebuch alle erklärenden Informationen zu den bedeutenden Gebäuden, die von den Teilnehmenden während der Studienreise im September 2024 besichtigt wurden.</p>



<p></p>

<!-- This site is optimized with the Yoast SEO plugin v27.3 - https://yoast.com/product/yoast-seo-wordpress/ -->
<title>Reisetagebuch – Vogesen Ausgabe 2024 - Projet INTERREG GR W.A.V.E.</title>
<meta name="robots" content="index, follow, max-snippet:-1, max-image-preview:large, max-video-preview:-1" />
<link rel="canonical" href="https://wave-gr.eu/de/avancees/reisetagebuch-vogesen-ausgabe-2024/" />
<meta property="og:locale" content="de_DE" />
<meta property="og:type" content="article" />
<meta property="og:title" content="Reisetagebuch – Vogesen Ausgabe 2024 - Projet INTERREG GR W.A.V.E." />
<meta property="og:description" content="Reisetagebuch – Vogesen Ausgabe 2024 Entdecken Sie in diesem Reisetagebuch alle erklärenden Informationen zu den bedeutenden Gebäuden, die von den Teilnehmenden während der Studienreise im September 2024 besichtigt wurden." />
<meta property="og:url" content="https://wave-gr.eu/de/avancees/reisetagebuch-vogesen-ausgabe-2024/" />
<meta property="og:site_name" content="Projet INTERREG GR W.A.V.E." />
<meta property="article:modified_time" content="2025-04-10T06:59:41+00:00" />
<meta property="og:image" content="https://wave-gr.eu/wp-content/uploads/2024/11/Capture-decran-2024-11-12-095558.png" />
	<meta property="og:image:width" content="1366" />
	<meta property="og:image:height" content="931" />
	<meta property="og:image:type" content="image/png" />
<meta name="twitter:card" content="summary_large_image" />
<meta name="twitter:label1" content="Geschätzte Lesezeit" />
	<meta name="twitter:data1" content="1 Minute" />
<script type="application/ld+json" class="yoast-schema-graph">{"@context":"https:\/\/schema.org","@graph":[{"@type":"WebPage","@id":"https:\/\/wave-gr.eu\/de\/avancees\/reisetagebuch-vogesen-ausgabe-2024\/","url":"https:\/\/wave-gr.eu\/de\/avancees\/reisetagebuch-vogesen-ausgabe-2024\/","name":"Reisetagebuch – Vogesen Ausgabe 2024 - Projet INTERREG GR W.A.V.E.","isPartOf":{"@id":"https:\/\/wave-gr.eu\/de\/#website"},"primaryImageOfPage":{"@id":"https:\/\/wave-gr.eu\/de\/avancees\/reisetagebuch-vogesen-ausgabe-2024\/#primaryimage"},"image":{"@id":"https:\/\/wave-gr.eu\/de\/avancees\/reisetagebuch-vogesen-ausgabe-2024\/#primaryimage"},"thumbnailUrl":"https:\/\/wave-gr.eu\/wp-content\/uploads\/2024\/11\/Capture-decran-2024-11-12-095558.png","datePublished":"2024-11-12T08:27:53+00:00","dateModified":"2025-04-10T06:59:41+00:00","breadcrumb":{"@id":"https:\/\/wave-gr.eu\/de\/avancees\/reisetagebuch-vogesen-ausgabe-2024\/#breadcrumb"},"inLanguage":"de","potentialAction":[{"@type":"ReadAction","target":["https:\/\/wave-gr.eu\/de\/avancees\/reisetagebuch-vogesen-ausgabe-2024\/"]}]},{"@type":"ImageObject","inLanguage":"de","@id":"https:\/\/wave-gr.eu\/de\/avancees\/reisetagebuch-vogesen-ausgabe-2024\/#primaryimage","url":"https:\/\/wave-gr.eu\/wp-content\/uploads\/2024\/11\/Capture-decran-2024-11-12-095558.png","contentUrl":"https:\/\/wave-gr.eu\/wp-content\/uploads\/2024\/11\/Capture-decran-2024-11-12-095558.png","width":1366,"height":931},{"@type":"BreadcrumbList","@id":"https:\/\/wave-gr.eu\/de\/avancees\/reisetagebuch-vogesen-ausgabe-2024\/#breadcrumb","itemListElement":[{"@type":"ListItem","position":1,"name":"Home","item":"https:\/\/wave-gr.eu\/de\/"},{"@type":"ListItem","position":2,"name":"Reisetagebuch – Vogesen Ausgabe 2024"}]},{"@type":"WebSite","@id":"https:\/\/wave-gr.eu\/de\/#website","url":"https:\/\/wave-gr.eu\/de\/","name":"Projet INTERREG GR W.A.V.E.","description":"","publisher":{"@id":"https:\/\/wave-gr.eu\/de\/#organization"},"potentialAction":[{"@type":"SearchAction","target":{"@type":"EntryPoint","urlTemplate":"https:\/\/wave-gr.eu\/de\/?s={search_term_string}"},"query-input":{"@type":"PropertyValueSpecification","valueRequired":true,"valueName":"search_term_string"}}],"inLanguage":"de"},{"@type":"Organization","@id":"https:\/\/wave-gr.eu\/de\/#organization","name":"Projet INTERREG GR W.A.V.E.","url":"https:\/\/wave-gr.eu\/de\/","logo":{"@type":"ImageObject","inLanguage":"de","@id":"https:\/\/wave-gr.eu\/de\/#\/schema\/logo\/image\/","url":"https:\/\/wave-gr.eu\/wp-content\/uploads\/2024\/10\/cropped-Groupe-3964.png","contentUrl":"https:\/\/wave-gr.eu\/wp-content\/uploads\/2024\/10\/cropped-Groupe-3964.png","width":512,"height":512,"caption":"Projet INTERREG GR W.A.V.E."},"image":{"@id":"https:\/\/wave-gr.eu\/de\/#\/schema\/logo\/image\/"}}]}</script>
<!-- / Yoast SEO plugin. -->

Reisetagebuch – Vogesen Ausgabe 2024 Entdecken Sie in diesem Reisetagebuch alle erklärenden Informationen zu den bedeutenden Gebäuden, die von den Teilnehmenden während der Studienreise im September 2024 besichtigt wurden.
