{"id":1354,"date":"2024-09-26T15:34:47","date_gmt":"2024-09-26T13:34:47","guid":{"rendered":"https:\/\/wavegr.vps001.visible.be\/agenda\/technischer-tag-zum-thema-holzverbundwerkstoffe-in-leudelange\/"},"modified":"2024-11-12T09:50:11","modified_gmt":"2024-11-12T08:50:11","slug":"technischer-tag-zum-thema-holzverbundwerkstoffe-in-leudelange","status":"publish","type":"agenda","link":"https:\/\/wave-gr.eu\/de\/agenda\/technischer-tag-zum-thema-holzverbundwerkstoffe-in-leudelange\/","title":{"rendered":"Technischer Tag zum Thema Holzverbundwerkstoffe in Leudelange"},"content":{"rendered":"\n<p>Dieser Tag wird die Themen innovativer Holzbau und die Entwicklung von Kompetenzen im<br\/>Bereich Holzverbundwerkstoffe behandeln.<\/p>\n\n<ul class=\"wp-block-list\">\n<li>Technische Besichtigungen von zwei Geb\u00e4uden im Holz- und Verbundwerkstoffbau.<br\/>Das erste ist das Allegra-Geb\u00e4ude, ein neues B\u00fcrogeb\u00e4ude in hybrider Holz-Beton-Bauweise, das darauf abzielt, den Ressourcen- und Energieeinsatz zu minimieren, um die CO2-Bilanz um bis zu 90 % zu senken. Das zweite Geb\u00e4ude ist WOODEN, ein Geb\u00e4ude in reiner Holzrahmenbauweise. Es handelt sich um ein B\u00fcrogeb\u00e4ude mit einer warmen, naturnahen Architektur, das energieeffizient ist und dessen Holz aus nachhaltigen W\u00e4ldern stammt.  <\/li>\n\n\n\n<li>Ein Seminar\/Workshop von Experten unter der Moderation der Universit\u00e4t Luxemburg wird ebenfalls auf der Tagesordnung stehen, mit dem Ziel, das Thema Innovation in der Produktion und Verwendung von Verbundwerkstoffen und Holzverbundwerkstoffen weiterzuentwickeln. Zum Beispiel Holz-Stahl-Verbundtr\u00e4ger und olz-Beton-Verbundkonstruktionen. <\/li>\n<\/ul>\n\n<p><strong>Kontakt : Luxinnovation<\/strong><\/p>\n","protected":false},"featured_media":0,"template":"","class_list":["post-1354","agenda","type-agenda","status-publish","hentry"],"acf":[],"yoast_head":"<!-- This site is optimized with the Yoast SEO plugin v27.3 - https:\/\/yoast.com\/product\/yoast-seo-wordpress\/ -->\n<title>Technischer Tag zum Thema Holzverbundwerkstoffe in Leudelange - Projet INTERREG GR W.A.V.E.<\/title>\n<meta name=\"robots\" content=\"index, follow, max-snippet:-1, max-image-preview:large, max-video-preview:-1\" \/>\n<link rel=\"canonical\" href=\"https:\/\/wave-gr.eu\/de\/agenda\/technischer-tag-zum-thema-holzverbundwerkstoffe-in-leudelange\/\" \/>\n<meta property=\"og:locale\" content=\"de_DE\" \/>\n<meta property=\"og:type\" content=\"article\" \/>\n<meta property=\"og:title\" content=\"Technischer Tag zum Thema Holzverbundwerkstoffe in Leudelange - Projet INTERREG GR W.A.V.E.\" \/>\n<meta property=\"og:description\" content=\"Dieser Tag wird die Themen innovativer Holzbau und die Entwicklung von Kompetenzen imBereich Holzverbundwerkstoffe behandeln. Kontakt : Luxinnovation\" \/>\n<meta property=\"og:url\" content=\"https:\/\/wave-gr.eu\/de\/agenda\/technischer-tag-zum-thema-holzverbundwerkstoffe-in-leudelange\/\" \/>\n<meta property=\"og:site_name\" content=\"Projet INTERREG GR W.A.V.E.\" \/>\n<meta property=\"article:modified_time\" content=\"2024-11-12T08:50:11+00:00\" \/>\n<meta name=\"twitter:card\" content=\"summary_large_image\" \/>\n<meta name=\"twitter:label1\" content=\"Gesch\u00e4tzte Lesezeit\" \/>\n\t<meta name=\"twitter:data1\" content=\"1\u00a0Minute\" \/>\n<script type=\"application\/ld+json\" class=\"yoast-schema-graph\">{\"@context\":\"https:\\\/\\\/schema.org\",\"@graph\":[{\"@type\":\"WebPage\",\"@id\":\"https:\\\/\\\/wave-gr.eu\\\/de\\\/agenda\\\/technischer-tag-zum-thema-holzverbundwerkstoffe-in-leudelange\\\/\",\"url\":\"https:\\\/\\\/wave-gr.eu\\\/de\\\/agenda\\\/technischer-tag-zum-thema-holzverbundwerkstoffe-in-leudelange\\\/\",\"name\":\"Technischer Tag zum Thema Holzverbundwerkstoffe in Leudelange - Projet INTERREG GR W.A.V.E.\",\"isPartOf\":{\"@id\":\"https:\\\/\\\/wave-gr.eu\\\/de\\\/#website\"},\"datePublished\":\"2024-09-26T13:34:47+00:00\",\"dateModified\":\"2024-11-12T08:50:11+00:00\",\"breadcrumb\":{\"@id\":\"https:\\\/\\\/wave-gr.eu\\\/de\\\/agenda\\\/technischer-tag-zum-thema-holzverbundwerkstoffe-in-leudelange\\\/#breadcrumb\"},\"inLanguage\":\"de\",\"potentialAction\":[{\"@type\":\"ReadAction\",\"target\":[\"https:\\\/\\\/wave-gr.eu\\\/de\\\/agenda\\\/technischer-tag-zum-thema-holzverbundwerkstoffe-in-leudelange\\\/\"]}]},{\"@type\":\"BreadcrumbList\",\"@id\":\"https:\\\/\\\/wave-gr.eu\\\/de\\\/agenda\\\/technischer-tag-zum-thema-holzverbundwerkstoffe-in-leudelange\\\/#breadcrumb\",\"itemListElement\":[{\"@type\":\"ListItem\",\"position\":1,\"name\":\"Home\",\"item\":\"https:\\\/\\\/wave-gr.eu\\\/de\\\/\"},{\"@type\":\"ListItem\",\"position\":2,\"name\":\"Technischer Tag zum Thema Holzverbundwerkstoffe in Leudelange\"}]},{\"@type\":\"WebSite\",\"@id\":\"https:\\\/\\\/wave-gr.eu\\\/de\\\/#website\",\"url\":\"https:\\\/\\\/wave-gr.eu\\\/de\\\/\",\"name\":\"Projet INTERREG GR W.A.V.E.\",\"description\":\"\",\"publisher\":{\"@id\":\"https:\\\/\\\/wave-gr.eu\\\/de\\\/#organization\"},\"potentialAction\":[{\"@type\":\"SearchAction\",\"target\":{\"@type\":\"EntryPoint\",\"urlTemplate\":\"https:\\\/\\\/wave-gr.eu\\\/de\\\/?s={search_term_string}\"},\"query-input\":{\"@type\":\"PropertyValueSpecification\",\"valueRequired\":true,\"valueName\":\"search_term_string\"}}],\"inLanguage\":\"de\"},{\"@type\":\"Organization\",\"@id\":\"https:\\\/\\\/wave-gr.eu\\\/de\\\/#organization\",\"name\":\"Projet INTERREG GR W.A.V.E.\",\"url\":\"https:\\\/\\\/wave-gr.eu\\\/de\\\/\",\"logo\":{\"@type\":\"ImageObject\",\"inLanguage\":\"de\",\"@id\":\"https:\\\/\\\/wave-gr.eu\\\/de\\\/#\\\/schema\\\/logo\\\/image\\\/\",\"url\":\"https:\\\/\\\/wave-gr.eu\\\/wp-content\\\/uploads\\\/2024\\\/10\\\/cropped-Groupe-3964.png\",\"contentUrl\":\"https:\\\/\\\/wave-gr.eu\\\/wp-content\\\/uploads\\\/2024\\\/10\\\/cropped-Groupe-3964.png\",\"width\":512,\"height\":512,\"caption\":\"Projet INTERREG GR W.A.V.E.\"},\"image\":{\"@id\":\"https:\\\/\\\/wave-gr.eu\\\/de\\\/#\\\/schema\\\/logo\\\/image\\\/\"}}]}<\/script>\n<!-- \/ Yoast SEO plugin. -->","yoast_head_json":{"title":"Technischer Tag zum Thema Holzverbundwerkstoffe in Leudelange - Projet INTERREG GR W.A.V.E.","robots":{"index":"index","follow":"follow","max-snippet":"max-snippet:-1","max-image-preview":"max-image-preview:large","max-video-preview":"max-video-preview:-1"},"canonical":"https:\/\/wave-gr.eu\/de\/agenda\/technischer-tag-zum-thema-holzverbundwerkstoffe-in-leudelange\/","og_locale":"de_DE","og_type":"article","og_title":"Technischer Tag zum Thema Holzverbundwerkstoffe in Leudelange - Projet INTERREG GR W.A.V.E.","og_description":"Dieser Tag wird die Themen innovativer Holzbau und die Entwicklung von Kompetenzen imBereich Holzverbundwerkstoffe behandeln. Kontakt : Luxinnovation","og_url":"https:\/\/wave-gr.eu\/de\/agenda\/technischer-tag-zum-thema-holzverbundwerkstoffe-in-leudelange\/","og_site_name":"Projet INTERREG GR W.A.V.E.","article_modified_time":"2024-11-12T08:50:11+00:00","twitter_card":"summary_large_image","twitter_misc":{"Gesch\u00e4tzte Lesezeit":"1\u00a0Minute"},"schema":{"@context":"https:\/\/schema.org","@graph":[{"@type":"WebPage","@id":"https:\/\/wave-gr.eu\/de\/agenda\/technischer-tag-zum-thema-holzverbundwerkstoffe-in-leudelange\/","url":"https:\/\/wave-gr.eu\/de\/agenda\/technischer-tag-zum-thema-holzverbundwerkstoffe-in-leudelange\/","name":"Technischer Tag zum Thema Holzverbundwerkstoffe in Leudelange - Projet INTERREG GR W.A.V.E.","isPartOf":{"@id":"https:\/\/wave-gr.eu\/de\/#website"},"datePublished":"2024-09-26T13:34:47+00:00","dateModified":"2024-11-12T08:50:11+00:00","breadcrumb":{"@id":"https:\/\/wave-gr.eu\/de\/agenda\/technischer-tag-zum-thema-holzverbundwerkstoffe-in-leudelange\/#breadcrumb"},"inLanguage":"de","potentialAction":[{"@type":"ReadAction","target":["https:\/\/wave-gr.eu\/de\/agenda\/technischer-tag-zum-thema-holzverbundwerkstoffe-in-leudelange\/"]}]},{"@type":"BreadcrumbList","@id":"https:\/\/wave-gr.eu\/de\/agenda\/technischer-tag-zum-thema-holzverbundwerkstoffe-in-leudelange\/#breadcrumb","itemListElement":[{"@type":"ListItem","position":1,"name":"Home","item":"https:\/\/wave-gr.eu\/de\/"},{"@type":"ListItem","position":2,"name":"Technischer Tag zum Thema Holzverbundwerkstoffe in Leudelange"}]},{"@type":"WebSite","@id":"https:\/\/wave-gr.eu\/de\/#website","url":"https:\/\/wave-gr.eu\/de\/","name":"Projet INTERREG GR W.A.V.E.","description":"","publisher":{"@id":"https:\/\/wave-gr.eu\/de\/#organization"},"potentialAction":[{"@type":"SearchAction","target":{"@type":"EntryPoint","urlTemplate":"https:\/\/wave-gr.eu\/de\/?s={search_term_string}"},"query-input":{"@type":"PropertyValueSpecification","valueRequired":true,"valueName":"search_term_string"}}],"inLanguage":"de"},{"@type":"Organization","@id":"https:\/\/wave-gr.eu\/de\/#organization","name":"Projet INTERREG GR W.A.V.E.","url":"https:\/\/wave-gr.eu\/de\/","logo":{"@type":"ImageObject","inLanguage":"de","@id":"https:\/\/wave-gr.eu\/de\/#\/schema\/logo\/image\/","url":"https:\/\/wave-gr.eu\/wp-content\/uploads\/2024\/10\/cropped-Groupe-3964.png","contentUrl":"https:\/\/wave-gr.eu\/wp-content\/uploads\/2024\/10\/cropped-Groupe-3964.png","width":512,"height":512,"caption":"Projet INTERREG GR W.A.V.E."},"image":{"@id":"https:\/\/wave-gr.eu\/de\/#\/schema\/logo\/image\/"}}]}},"_links":{"self":[{"href":"https:\/\/wave-gr.eu\/de\/wp-json\/wp\/v2\/agenda\/1354","targetHints":{"allow":["GET"]}}],"collection":[{"href":"https:\/\/wave-gr.eu\/de\/wp-json\/wp\/v2\/agenda"}],"about":[{"href":"https:\/\/wave-gr.eu\/de\/wp-json\/wp\/v2\/types\/agenda"}],"wp:attachment":[{"href":"https:\/\/wave-gr.eu\/de\/wp-json\/wp\/v2\/media?parent=1354"}],"curies":[{"name":"wp","href":"https:\/\/api.w.org\/{rel}","templated":true}]}}

<p>Dieser Tag wird die Themen innovativer Holzbau und die Entwicklung von Kompetenzen im<br/>Bereich Holzverbundwerkstoffe behandeln.</p>

<ul class="wp-block-list">
<li>Technische Besichtigungen von zwei Gebäuden im Holz- und Verbundwerkstoffbau.<br/>Das erste ist das Allegra-Gebäude, ein neues Bürogebäude in hybrider Holz-Beton-Bauweise, das darauf abzielt, den Ressourcen- und Energieeinsatz zu minimieren, um die CO2-Bilanz um bis zu 90 % zu senken. Das zweite Gebäude ist WOODEN, ein Gebäude in reiner Holzrahmenbauweise. Es handelt sich um ein Bürogebäude mit einer warmen, naturnahen Architektur, das energieeffizient ist und dessen Holz aus nachhaltigen Wäldern stammt.  </li>



<li>Ein Seminar/Workshop von Experten unter der Moderation der Universität Luxemburg wird ebenfalls auf der Tagesordnung stehen, mit dem Ziel, das Thema Innovation in der Produktion und Verwendung von Verbundwerkstoffen und Holzverbundwerkstoffen weiterzuentwickeln. Zum Beispiel Holz-Stahl-Verbundträger und olz-Beton-Verbundkonstruktionen. </li>
</ul>

<p><strong>Kontakt : Luxinnovation</strong></p>

<!-- This site is optimized with the Yoast SEO plugin v27.3 - https://yoast.com/product/yoast-seo-wordpress/ -->
<title>Technischer Tag zum Thema Holzverbundwerkstoffe in Leudelange - Projet INTERREG GR W.A.V.E.</title>
<meta name="robots" content="index, follow, max-snippet:-1, max-image-preview:large, max-video-preview:-1" />
<link rel="canonical" href="https://wave-gr.eu/de/agenda/technischer-tag-zum-thema-holzverbundwerkstoffe-in-leudelange/" />
<meta property="og:locale" content="de_DE" />
<meta property="og:type" content="article" />
<meta property="og:title" content="Technischer Tag zum Thema Holzverbundwerkstoffe in Leudelange - Projet INTERREG GR W.A.V.E." />
<meta property="og:description" content="Dieser Tag wird die Themen innovativer Holzbau und die Entwicklung von Kompetenzen imBereich Holzverbundwerkstoffe behandeln. Kontakt : Luxinnovation" />
<meta property="og:url" content="https://wave-gr.eu/de/agenda/technischer-tag-zum-thema-holzverbundwerkstoffe-in-leudelange/" />
<meta property="og:site_name" content="Projet INTERREG GR W.A.V.E." />
<meta property="article:modified_time" content="2024-11-12T08:50:11+00:00" />
<meta name="twitter:card" content="summary_large_image" />
<meta name="twitter:label1" content="Geschätzte Lesezeit" />
	<meta name="twitter:data1" content="1 Minute" />
<script type="application/ld+json" class="yoast-schema-graph">{"@context":"https:\/\/schema.org","@graph":[{"@type":"WebPage","@id":"https:\/\/wave-gr.eu\/de\/agenda\/technischer-tag-zum-thema-holzverbundwerkstoffe-in-leudelange\/","url":"https:\/\/wave-gr.eu\/de\/agenda\/technischer-tag-zum-thema-holzverbundwerkstoffe-in-leudelange\/","name":"Technischer Tag zum Thema Holzverbundwerkstoffe in Leudelange - Projet INTERREG GR W.A.V.E.","isPartOf":{"@id":"https:\/\/wave-gr.eu\/de\/#website"},"datePublished":"2024-09-26T13:34:47+00:00","dateModified":"2024-11-12T08:50:11+00:00","breadcrumb":{"@id":"https:\/\/wave-gr.eu\/de\/agenda\/technischer-tag-zum-thema-holzverbundwerkstoffe-in-leudelange\/#breadcrumb"},"inLanguage":"de","potentialAction":[{"@type":"ReadAction","target":["https:\/\/wave-gr.eu\/de\/agenda\/technischer-tag-zum-thema-holzverbundwerkstoffe-in-leudelange\/"]}]},{"@type":"BreadcrumbList","@id":"https:\/\/wave-gr.eu\/de\/agenda\/technischer-tag-zum-thema-holzverbundwerkstoffe-in-leudelange\/#breadcrumb","itemListElement":[{"@type":"ListItem","position":1,"name":"Home","item":"https:\/\/wave-gr.eu\/de\/"},{"@type":"ListItem","position":2,"name":"Technischer Tag zum Thema Holzverbundwerkstoffe in Leudelange"}]},{"@type":"WebSite","@id":"https:\/\/wave-gr.eu\/de\/#website","url":"https:\/\/wave-gr.eu\/de\/","name":"Projet INTERREG GR W.A.V.E.","description":"","publisher":{"@id":"https:\/\/wave-gr.eu\/de\/#organization"},"potentialAction":[{"@type":"SearchAction","target":{"@type":"EntryPoint","urlTemplate":"https:\/\/wave-gr.eu\/de\/?s={search_term_string}"},"query-input":{"@type":"PropertyValueSpecification","valueRequired":true,"valueName":"search_term_string"}}],"inLanguage":"de"},{"@type":"Organization","@id":"https:\/\/wave-gr.eu\/de\/#organization","name":"Projet INTERREG GR W.A.V.E.","url":"https:\/\/wave-gr.eu\/de\/","logo":{"@type":"ImageObject","inLanguage":"de","@id":"https:\/\/wave-gr.eu\/de\/#\/schema\/logo\/image\/","url":"https:\/\/wave-gr.eu\/wp-content\/uploads\/2024\/10\/cropped-Groupe-3964.png","contentUrl":"https:\/\/wave-gr.eu\/wp-content\/uploads\/2024\/10\/cropped-Groupe-3964.png","width":512,"height":512,"caption":"Projet INTERREG GR W.A.V.E."},"image":{"@id":"https:\/\/wave-gr.eu\/de\/#\/schema\/logo\/image\/"}}]}</script>
<!-- / Yoast SEO plugin. -->
